pose 4*g + 2*z - 211 + i = 0, z - 39 = -g. What is the units digit of g?
2
Let p(s) = -s**3 - 19*s**2 - 74*s + 395. What is the tens digit of p(-29)?
5
Let n(i) = 3*i**2 + 7*i + 1. Let x be n(-3). Suppose -x*r - 2541 = -14*r. What is the hundreds digit of r?
3
Suppose -8*i + 24362 + 77280 = -69718. What is the thousands digit of i?
1
Let i(k) = 14*k + 10*k - 29*k + 9*k + 2*k**2. What is the tens digit of i(-8)?
9
Let q(w) = -w**3 + w**2 + w + 1. Let f(x) = -x**3 + 13*x**2 + 22*x. Let d(a) = -f(a) + 2*q(a). Let o be (4/(-2) - 7) + -2. What is the tens digit of d(o)?
2
Let y(c) = -3 + 13*c - 8*c - 118 + 17*c. What is the units digit of y(24)?
7
Let l(y) = -y**3 - 16*y**2 + y - 29. Let t be l(-16). Let x = -45 - t. What is the units digit of (x + -2)/((-2)/119)?
9
Suppose -154*a - 7*a = -20*a - 3164604. What is the hundreds digit of a?
4
Let h = -10 - -10. Suppose 2*z + 2*x - 154 = h, 3*z - 2*x = 2*z + 77. Suppose 5*j - 42 = -2*t, 4*t + j - z = 25. What is the tens digit of t?
2
Suppose 431*i - 442*i + 74657 = 0. What is the hundreds digit of (i/(-22) + 10)*(-4)/3?
3
Let z be (681/4)/((-6)/(-16)). Suppose -z = -n + 57. What is the units digit of n?
1
Suppose -31*t - 55*t + 82640 = -97100. What is the units digit of t?
0
Suppose -5*g - 2463 - 2837 = 3*i, 4*g + 4247 = -i. What is the units digit of -2 - g - (-24 + 18)?
7
Let q(x) = x + 6. Suppose 0 = -4*w + 3*w + 4. Let b be q(w). What is the units digit of (-2)/2 - (-12 + b)?
1
Suppose 3*z - 9 = 5*a - 2*a, 5*a + 3 = z. Let d be (3 + -3)*5/(-8 + z). Suppose -1528 = -5*s + 3*r, -4*s + 3*r = -d*s - 1220. What is the tens digit of s?
0
Suppose -q - 3*o = -39639 - 19622, -4*q + 5*o + 237129 = 0. What is the tens digit of q?
7
Suppose -23*w = 23*w - 2431984 - 313158. What is the tens digit of w?
7
Let b be (2 - 2)/(-2) + 287. Let h be (-405)/324*-4*1. Suppose -h*u - 2*u = -b. What is the tens digit of u?
4
Let h be (-1)/(4 - (-126)/(-30)). Suppose 3*u + 3*y - 315 = 0, -157 = -2*u - h*y + 41. What is the hundreds digit of u?
1
Suppose 5*z - 28 + 13 = -4*o, -4*o - 20 = 0. Suppose -f - 154 = -v, 6*v - z*v - f = -152. What is the tens digit of v?
5
Let b(u) = 3*u - 102. Let t be b(0). Let v = t + 161. What is the units digit of v?
9
Let p = 123 + -116. Suppose p*x - 3824 = -387. What is the tens digit of x?
9
What is the hundreds digit of (-47 - 341)*(0 - 8*1)?
1
Suppose -n + 43695 = 3*a, -101*a - 29152 = -103*a + 3*n. What is the units digit of a?
7
Suppose z = -5*w + 53934 - 14083, -7939 = -w + 5*z. What is the thousands digit of w?
7
Let j(r) = -1740*r**3 + 14*r**2 + 14*r + 1. What is the ten thousands digit of j(-3)?
4
Let x be (2 - 10/(-6))*(-1209)/(-31). Suppose x*f + 952 = 147*f. What is the hundreds digit of f?
2
Let z = 967 + -1027. Let r = 1525 - z. What is the units digit of r?
5
Let z(n) be the second derivative of 271*n**4/4 - 5*n**3/3 + 4*n**2 - 160*n. What is the tens digit of z(1)?
1
Suppose 2*z - 3*z + 45 = -5*r, -18 = 2*r - z. Let p be 12/r - 1897/(-21). Let f = p - 4. What is the tens digit of f?
8
Suppose 14*a - 9*a = -3*y + 87181, 2*y - 69744 = -4*a. What is the units digit of a?
5
Let o be -12*(-4)/24*3. Suppose -o*x + 22 = -26. Suppose -x*f = -5*f - 129. What is the units digit of f?
3
Let w = 377 + -265. Let g = 108 - w. What is the units digit of (-6435)/(-54) + g/24?
9
Suppose 75 - 225 = -5*w. Suppose u = 4*u - g - w, -3*g + 40 = 4*u. What is the tens digit of u?
1
What is the thousands digit of 271471*2/20 - ((-61)/(-10) + -6)?
7
Suppose 3*z - 40 = -u, 5*z = -u + 4*z + 50. Let h = u + -53. What is the tens digit of (-10 - (-2)/1)*(-22)/h?
8
Let s = -3068 + 8874. What is the units digit of s?
6
Let k(c) = -16592*c + 3431. What is the hundreds digit of k(-4)?
7
Let m(p) = 7*p**3 - 32*p**2 - 15*p + 19. Let k(n) = -n**3 - 8*n**2 - 11*n - 20. Let i be k(-7). What is the thousands digit of m(i)?
1
Let m(f) = -f**3 - 36*f**2 - 36*f - 33. Let y be m(-35). What is the tens digit of (-1 + y - -1070)*(-20)/(-60)?
5
Let j = 1728 + -929. Suppose -2601 = -10*m + j. What is the hundreds digit of m?
3
Suppose -7644 = -2*b + 2*v + 360, -3*b + v + 12006 = 0. What is the hundreds digit of b?
0
Let b be 12/18*-255 - -5. What is the tens digit of b/220*436/(-3)?
0
Let i be (-5)/(1/(-2) - 2/4). Suppose i*n = -2*q + 35, -5*n - 2*q - 3*q + 20 = 0. Suppose -14*s + n*s = -380. What is the tens digit of s?
7
Let b(l) = 14*l**2 + 74*l + 6. Let r(j) = -2*j**2 - j - 1. Let q(n) = b(n) + 3*r(n). What is the tens digit of q(-9)?
1
Let g = -13 - -6. What is the units digit of (-22)/(4 - (-30)/g)?
7
Suppose 5*p + 7 = 4*p. Let b be p/(-21) + (-2)/(-3). Suppose -b = 9*z - 10. What is the units digit of z?
1
Suppose 52366 = 5*f + 131*u - 132*u, 4*u - 41888 = -4*f. What is the thousands digit of f?
0
Let f be ((-387)/18)/(((-1)/(-2))/(-1)). Let q = f + -28. Suppose -l - r + 8 = 0, 2*l - q = -3*r + 2*r. What is the units digit of l?
7
Let d(b) = 21*b + 27. Let t = 1 + 5. What is the tens digit of d(t)?
5
Let n(q) = -q**3 - 9*q**2 - 6*q + 15. Let f be n(-8). Let i(k) = 30*k**3 - 2*k**2 - 2*k - 1. Let b be i(f). Let u = 5 - b. What is the units digit of u?
6
Suppose -2*a + 2*y = -132, -4*y = -a + 42 + 15. Let p = 161 - a. Let f = 254 - p. What is the tens digit of f?
6
Let r(j) = 3*j**2 - 5*j - 36. Suppose 40 = 10*d - 15*d. What is the hundreds digit of r(d)?
1
Let r = 96 + -93. Suppose r*t + 1045 = 22*t. What is the tens digit of t?
5
Let s(c) = 2*c**3 - 23*c**2 + 12*c - 80. Let g be s(11). Let b be -17*(0/(-1) - -2). Let o = b - g. What is the units digit of o?
5
What is the thousands digit of (-19 + 18)*(-9)/((-5)/(-3895)*1)?
7
What is the tens digit of (8/18)/2 + (18748/36 - -10)?
3
Suppose h + 2*h + 930 = 0. Let n = 3063 - 3256. Let t = n - h. What is the tens digit of t?
1
What is the hundreds digit of (-2 - -199)*((-4)/(-8)*78 - 4)?
8
Let b(m) = -m**3 + 4*m**2 + 23*m + 3. Suppose 2*j = -3*i + 2 + 1, -36 = -5*j + 2*i. Let n be b(j). Suppose 6*f - 219 + n = 0. What is the tens digit of f?
2
Let v(m) = 6*m - 9. Let g be v(2). Let k be 39 + -6*2/g. Suppose -k = -7*x + 2*x. What is the units digit of x?
7
Let n(h) = 10*h - 38. Let i = 96 + -87. Let o be n(i). Let c = o + -27. What is the units digit of c?
5
Suppose 3*l + 0*a = 2*a - 74, -a - 117 = 4*l. What is the units digit of (119/l)/(7/(-812))?
3
Let t = 88 - 173. Let g(j) = j**3 - 7*j**2 + 10*j - 2. Let q be g(8). Let f = q + t. What is the tens digit of f?
5
Let m = -25 + 267. Let j = m - 82. What is the tens digit of ((-24)/(-16))/(3/j)?
8
Let z(m) = -97*m + 3. Let k be z(-2). Suppose 342 = 27*c - 9*c. Let j = k - c. What is the hundreds digit of j?
1
Suppose t = 4*r - 105234, 3*r + 3*t = 17653 + 61280. What is the hundreds digit of r?
3
Let d = 75737 + -38865. What is the thousands digit of d?
6
Let z(s) = 3*s - 17. Let c be z(3). Let n(r) = -5*r**2 + r - 13. Let l be n(c). Let x = -227 - l. What is the hundreds digit of x?
1
Suppose 12919419 + 7472694 = 376*m + 935617. What is the tens digit of m?
4
Suppose -x + 5758 = -2656. What is the tens digit of x/21 - 1/6*-2?
0
Let d(l) = 22*l**2 + 24*l - 110. Suppose s + 8*w - 5*w = -3, -2*s + 21 = -3*w. What is the tens digit of d(s)?
2
Let i = -4713 - -50889. What is the units digit of i?
6
What is the tens digit of 207701/117 - (-2)/(-9)?
7
Suppose -3*r + 25 = 2*z - 2*r, 12 = -4*r. Suppose 2*q = -z*q + 32. What is the tens digit of 11*q - 0/(-5)?
2
Let g be (16/(-24))/(1/(-6)). Let p be (g/10)/((-116)/60 - -2). Suppose -p*r = -10*r + 256. What is the units digit of r?
4
Let c = 151 - 516. Let v = -179 - c. What is the tens digit of v?
8
Suppose -2*f + 13 = -g, -g + 24 = 3*f + 2*g. Suppose d = 2*l - 20, 3*l - 79 = 5*d - f. What is the units digit of (-2)/d*84/2?
7
Suppose -g = -4*k - 3, 2*g = -2*k + 4 + 2. Let f be (88 - k) + (3 - 3). Let s = f + -73. What is the tens digit of s?
1
Let p = -5478 - -9510. What is the thousands digit of p?
4
Suppose 3*w - 2*c = 2*c - 462, 15 = -5*c. Suppose -145 = 5*o - 4*v, o = 5*v + 71 - 79. Let y = o - w. What is the units digit of y?
5
Let s(r) = 19*r**2 + 3*r + 3. Let b be ((-8)/3)/(6/(-9)). Let k be s(b). Suppose -2*a = 4*u - 260, -a + k = 3*u + 2*u. What is the units digit of u?
3
Let s = 10650 - -31161. What is the thousands digit of s?
1
What is the units digit of (9 + 11